{"id":112,"date":"2018-11-08T13:33:14","date_gmt":"2018-11-08T15:33:14","guid":{"rendered":"https:\/\/sptequipamentosdesondagem.com.br\/loja\/?post_type=product&#038;p=112"},"modified":"2026-04-08T13:13:13","modified_gmt":"2026-04-08T16:13:13","slug":"chave-de-alcar-para-haste-1","status":"publish","type":"product","link":"https:\/\/sptequipamentosdesondagem.com.br\/loja\/produto\/chave-de-alcar-para-haste-1\/","title":{"rendered":"Chave de al\u00e7ar para haste 1&#8243;"},"content":{"rendered":"<p>01 P\u00e7 &#8211; Chave de al\u00e7ar para haste 1&#8243;<\/p>\n","protected":false},"excerpt":{"rendered":"<p>Frete a consultar com vendedor<\/p>\n<p>marcelo@sptequipamentosdesondagem.com.br<\/p>\n<p>Formas de pagamento:<br \/>\nTransfer\u00eancia Bancaria<br \/>\nBoleto avista<br \/>\nAt\u00e9 12 X cart\u00e3o de credito com juros da operadora\u00a0 \u00a0 \u00a0 \u00a0 \u00a0 \u00a0 \u00a0 \u00a0 \u00a0 \u00a0 \u00a0 \u00a0 \u00a0 \u00a0 \u00a0 \u00a0 \u00a0 \u00a0 \u00a0 \u00a0 \u00a0 \u00a0 \u00a0 \u00a0 \u00a0 \u00a0 \u00a0 \u00a0 \u00a0 \u00a0 \u00a0 \u00a0 \u00a0 \u00a0 \u00a0 \u00a0 \u00a0 \u00a0 \u00a0 \u00a0 \u00a0 \u00a0 \u00a0 \u00a0 \u00a0 \u00a0 \u00a0 \u00a0 \u00a0 \u00a0 \u00a0 \u00a0 \u00a0 \u00a0 \u00a0 Mercado Pago<\/p>\n","protected":false},"featured_media":967,"template":"","meta":[],"product_cat":[19],"product_tag":[],"_links":{"self":[{"href":"https:\/\/sptequipamentosdesondagem.com.br\/loja\/wp-json\/wp\/v2\/product\/112"}],"collection":[{"href":"https:\/\/sptequipamentosdesondagem.com.br\/loja\/wp-json\/wp\/v2\/product"}],"about":[{"href":"https:\/\/sptequipamentosdesondagem.com.br\/loja\/wp-json\/wp\/v2\/types\/product"}],"wp:featuredmedia":[{"embeddable":true,"href":"https:\/\/sptequipamentosdesondagem.com.br\/loja\/wp-json\/wp\/v2\/media\/967"}],"wp:attachment":[{"href":"https:\/\/sptequipamentosdesondagem.com.br\/loja\/wp-json\/wp\/v2\/media?parent=112"}],"wp:term":[{"taxonomy":"product_cat","embeddable":true,"href":"https:\/\/sptequipamentosdesondagem.com.br\/loja\/wp-json\/wp\/v2\/product_cat?post=112"},{"taxonomy":"product_tag","embeddable":true,"href":"https:\/\/sptequipamentosdesondagem.com.br\/loja\/wp-json\/wp\/v2\/product_tag?post=112"}],"curies":[{"name":"wp","href":"https:\/\/api.w.org\/{rel}","templated":true}]}}