{"id":2,"date":"2018-11-06T14:10:22","date_gmt":"2018-11-06T16:10:22","guid":{"rendered":"https:\/\/sptequipamentosdesondagem.com.br\/loja\/?page_id=2"},"modified":"2018-11-08T14:13:44","modified_gmt":"2018-11-08T16:13:44","slug":"pagina-exemplo","status":"publish","type":"page","link":"https:\/\/sptequipamentosdesondagem.com.br\/loja\/pagina-exemplo\/","title":{"rendered":"Sobre"},"content":{"rendered":"<h2>SPT EQUIPAMENTOS<\/h2>\n<p><img loading=\"lazy\" decoding=\"async\" class=\" wp-image-132 alignleft\" src=\"https:\/\/sptequipamentosdesondagem.com.br\/loja\/wp-content\/uploads\/2018\/11\/img14-239x300.jpg\" alt=\"\" width=\"226\" height=\"284\" \/>SONDAGEM SPT, conhecida tamb\u00e9m como sondagem \u00e0 percuss\u00e3o ou sondagem de simples reconhecimento, um procedimento para reconhecimento do solo, utilizado na engenharia civil para se obter subs\u00eddios que ir\u00e3o definir o tipo e o dimensionamento das funda\u00e7\u00f5es que servir\u00e3o de base para uma edifica\u00e7\u00e3o. A sigla SPT tem origem no ingl\u00eas (standard penetration test) e significa ensaio de penetra\u00e7\u00e3o padr\u00e3o.<\/p>\n<p style=\"text-align: left;\"><strong>As principais informa\u00e7\u00f5es obtidas com esse tipo de ensaio s\u00e3o:<\/strong><\/p>\n<ol>\n<li style=\"text-align: left;\">A identifica\u00e7\u00e3o das diferentes camadas de solo que comp\u00f5em o subsolo;<\/li>\n<li style=\"text-align: left;\">A classifica\u00e7\u00e3o dos solos de cada camada;<\/li>\n<li style=\"text-align: left;\">O n\u00edvel do Len\u00e7ol fre\u00e1tico;<\/li>\n<li style=\"text-align: left;\">A capacidade de carga do solo em v\u00e1rias profundidades.<\/li>\n<\/ol>\n<p style=\"text-align: left;\"><strong>Equipamentos utilizados nesse ensaio:<\/strong><\/p>\n<ol>\n<li style=\"text-align: left;\">Trip\u00e9 de Sondagem com seus componentes<\/li>\n<li style=\"text-align: left;\">Bomba d\u2019agua<\/li>\n<li style=\"text-align: left;\">Amostrador Padr\u00e3o SPT<\/li>\n<li style=\"text-align: left;\">Bica de Lavagem<\/li>\n<li style=\"text-align: left;\">Bomba Balde<\/li>\n<li style=\"text-align: left;\">Cabe\u00e7a de Bater<\/li>\n<li style=\"text-align: left;\">Chave de Al\u00e7ar Haste<\/li>\n<li style=\"text-align: left;\">Cruzeta para Haste<\/li>\n<li style=\"text-align: left;\">Elevador Giratorio<\/li>\n<li style=\"text-align: left;\">Haste<\/li>\n<li style=\"text-align: left;\">Revestimento<\/li>\n<li style=\"text-align: left;\">Pescador<\/li>\n<li style=\"text-align: left;\">Peso Padr\u00e3o 65kg ( Martelo)<\/li>\n<li style=\"text-align: left;\">Saca Tubos<\/li>\n<li style=\"text-align: left;\">Sapata Cortante para Revestimento<\/li>\n<li style=\"text-align: left;\">Lamina de Lavagem (Trepano)<\/li>\n<li style=\"text-align: left;\">Trado Helicoidal<\/li>\n<li style=\"text-align: left;\">Pio de Sondagem (apito para n\u00edvel d\u2019agua)<\/li>\n<\/ol>\n","protected":false},"excerpt":{"rendered":"<p>SPT EQUIPAMENTOS SONDAGEM SPT, conhecida tamb\u00e9m como sondagem \u00e0 percuss\u00e3o ou sondagem de simples reconhecimento, um procedimento para reconhecimento do solo, utilizado na engenharia civil para se obter subs\u00eddios que ir\u00e3o definir o tipo e o dimensionamento das funda\u00e7\u00f5es que servir\u00e3o de base para uma edifica\u00e7\u00e3o. A sigla SPT tem origem no ingl\u00eas (standard penetration [&hellip;]<\/p>\n","protected":false},"author":1,"featured_media":0,"parent":0,"menu_order":0,"comment_status":"closed","ping_status":"open","template":"","meta":{"footnotes":""},"_links":{"self":[{"href":"https:\/\/sptequipamentosdesondagem.com.br\/loja\/wp-json\/wp\/v2\/pages\/2"}],"collection":[{"href":"https:\/\/sptequipamentosdesondagem.com.br\/loja\/wp-json\/wp\/v2\/pages"}],"about":[{"href":"https:\/\/sptequipamentosdesondagem.com.br\/loja\/wp-json\/wp\/v2\/types\/page"}],"author":[{"embeddable":true,"href":"https:\/\/sptequipamentosdesondagem.com.br\/loja\/wp-json\/wp\/v2\/users\/1"}],"replies":[{"embeddable":true,"href":"https:\/\/sptequipamentosdesondagem.com.br\/loja\/wp-json\/wp\/v2\/comments?post=2"}],"version-history":[{"count":4,"href":"https:\/\/sptequipamentosdesondagem.com.br\/loja\/wp-json\/wp\/v2\/pages\/2\/revisions"}],"predecessor-version":[{"id":136,"href":"https:\/\/sptequipamentosdesondagem.com.br\/loja\/wp-json\/wp\/v2\/pages\/2\/revisions\/136"}],"wp:attachment":[{"href":"https:\/\/sptequipamentosdesondagem.com.br\/loja\/wp-json\/wp\/v2\/media?parent=2"}],"curies":[{"name":"wp","href":"https:\/\/api.w.org\/{rel}","templated":true}]}}